f + 7. Let i be r(-5). Let p = i - t. Let u(m) = m**2 + 5*m. Give u(p).
-6
Let v(y) = y**3 - 3*y**2 + 3*y - 1. Let z be ((-3)/2)/(12/16). Let m be (z + (2 - -2))/1. Calculate v(m).
1
Let x(k) be the third derivative of -k**4/12 - k**3 + k**2. Let b = -3 - -9. Let i be ((-6)/9)/(b/45). What is x(i)?
4
Let w = 0 + -2. Let k(y) = -y**2 - y - 2. What is k(w)?
-4
Let t be -6*(-3)/6 + 1. Let q be ((-9)/6)/((-3)/t). Let p(x) = 3*x - 1. Calculate p(q).
5
Let u(y) = 3*y + 5*y**2 - 5 + 9 + 0 - 3. Give u(-2).
15
Suppose -4*h - 2*d - 7 - 39 = 0, d = 2*h + 13. Let x(w) = w + 10. Let p be x(h). Let l(f) = -1 + f - 3 - 6*f**2 + 3. What is l(p)?
-6
Let m(c) = 7*c**2 - 13*c + 5. Let d(p) = -11*p**2 + 19*p - 7. Let v(w) = 5*d(w) + 8*m(w). What is v(8)?
-3
Let r(v) = v**3 - 2*v**2 - 3*v + 3. Suppose -y = 4*y + 25. Let s be (0/(-2 - y))/(-2). Suppose -g + 3*x + 18 = s, 0*x = -3*g + x + 14. Give r(g).
3
Let f(o) be the second derivative of o**5/20 - o**4/4 + o**3/3 - o**2/2 + 10*o. Give f(3).
5
Let r(t) = 9*t**3 + t. Suppose 0 = -4*z - 3*b - 1, -2*b + 9 = -5*z + 2. Give r(z).
-10
Let b(a) = 5*a + 6*a - 7*a + 2 + a**3 - 7*a**2 + 0*a. Let p = -6 + 12. What is b(p)?
-10
Suppose 2*q + 3 + 3 = 0. Let a be 0 - -1 - 0 - q. Let j(s) = a - 1 - 3 + 4*s**2. What is j(-1)?
4
Let m(q) be the first derivative of -4 - 1/3*q**3 + 5/2*q**2 + 3*q. Suppose 0 = 5*r - 10, -2*r = 5*x + 3*r - 35. What is m(x)?
3
Let c(v) be the second derivative of 3*v + 1/3*v**4 - 1/20*v**5 + 0 + 5/6*v**3 - 1/2*v**2. Give c(5).
-1
Let a be (-8 + 2)/(6/(-4)). Let m(v) be the first derivative of -v**5/120 - v**4/24 + 8*v**3/3 + 6. Let w(r) be the third derivative of m(r). Calculate w(a).
-5
Let l be (3/(-1))/((-12)/8). Let f be l/7 + (-30)/7. Let m(a) = 9*a**2 + 4*a + 4. Let u(k) = -10*k**2 - 5*k - 5. Let w(z) = f*u(z) - 5*m(z). Give w(-1).
-5
Let u = -48 - -31. Let p(h) = 17*h**2 - h + 6. Let x(w) = -50*w**2 + 3*w - 17. Let i(o) = u*p(o) - 6*x(o). What is i(1)?
10
Let p(k) = k**3 + 3*k**2 - 2*k - 1. Let l be p(2). Let b = -14 + l. Let g(w) = 11*w**2 + w - 1. Give g(b).
11
Let l(x) = -x**3 - x - 5. Suppose 6*a = 4*a - 8. Let h be (-1)/((-2)/a) - -2. Calculate l(h).
-5
Let f(n) = n**2 + 5*n + 2. Suppose -5*k + 3*k = 40. Let o = 28 + k. Let x = o - 12. What is f(x)?
-2
Let l(w) = w**2 + w + 3. Let v be (-34)/51 + (-10)/3. Calculate l(v).
15
Let d(t) be the first derivative of -t**4/4 - 2*t**3/3 - 2*t**2 - 3*t - 3. Let r be d(-2). Suppose 10 = 3*u - r. Let k(f) = -f - 4. Calculate k(u).
-9
Let x be 4/14 - (-138)/(-42). Let i = -2 - x. Let r(n) = 5*n**3 + n**2 - 1. Determine r(i).
5
Let l(m) be the second derivative of -m**3/6 + m**2 - 2*m. Let s be l(0). Let j(x) = -x**2 - 9*x - 2*x**2 + 11*x + x**3. Determine j(s).
0
Suppose 2*f - 5*g = -f - 19, -5*f - 4*g + 30 = 0. Let p(m) = -4*m**2 + 4*m**3 + 1 + f + 2*m - m**2 - 3*m**3. Let x be 3 + -6 + 5 + 2. What is p(x)?
-5
Suppose 8 = 2*i - i - 4*r, -i - 13 = 3*r. Let l(j) = 7*j**2 + 10*j - 3. Let b(f) = -8*f**2 - 11*f + 4. Let d(t) = -6*b(t) - 7*l(t). Give d(i).
-3
Let n(p) be the first derivative of 4*p - 1/2*p**2 - 1. What is n(5)?
-1
Let o(u) = -2*u + 45. Let z be o(21). Let v(s) = -s. Give v(z).
-3
Let b(s) = -20 + 2*s - 3*s + 13 + 10. Let j be -2 + 1*(1 - 3). Give b(j).
7
Let o be (1 - 0) + 5 + -5. Let r be (-2 - 3 - -2)*o. Let q(y) = -3*y - 1. Calculate q(r).
8
Let y(t) = 4*t + 7. Let h = -29 + 24. Determine y(h).
-13
Let f(j) = -j**2 + 2*j + 2*j**2 + 1 + 3*j. Let s(c) = c**2 - 1. Let a be s(2). Let t(u) = -u**3 + 3*u**2 - 2*u + 2. Let x be t(a). Give f(x).
-3
Let o(v) be the first derivative of -v**4/2 + 2*v**3/3 - 3*v**2/2 + 2*v + 6. Determine o(2).
-12
Let n(g) be the third derivative of g**7/840 - g**6/360 + g**5/120 + g**3/3 - g**2. Let a(t) be the first derivative of n(t). Give a(0).
0
Let p(k) = k**3 + 10*k**2 + 9*k + 6. Let d be p(-9). Suppose 0 = -3*o + 3 + d. Let r(j) = 3*j - 1. Let l(s) = -4*s. Let x(t) = o*r(t) + 2*l(t). Determine x(-3).
-6
Let l(q) = 4*q - 4. Let g be ((-6)/(-5))/((-3)/(-15)). Let n(o) = 2*o + 3*o + 2 - g. Let i(t) = 4*l(t) - 3*n(t). Calculate i(3).
-1
Let a(s) = 3*s**3 + 38*s**2 - 3*s - 14. Let d(h) = 2*h**3 + 25*h**2 - 2*h - 9. Let b(u) = -5*a(u) + 8*d(u). What is b(-10)?
8
Let f(k) = k - 13. Let m = 62 - 40. Suppose 2*n - m + 10 = 0. Give f(n).
-7
Let w = 8 + -3. Suppose -1 = -3*h + w. Let d(o) = 3 + h*o**3 + 4*o**2 - o - 3*o**3 + o. Calculate d(4).
3
Let n be (-3)/((-2)/4*3). Let j(y) = n*y - y - 3 + 0*y. Let w be (0*(-2)/8)/2. What is j(w)?
-3
Let d(s) = -s**2 - 4*s + 4. Let f be d(-5). Let v(i) = -i - 1. Let l(p) = p + 5. Let x(u) = -l(u) - 4*v(u). Calculate x(f).
-4
Let r(v) = 2*v**2 - 6*v + 87 - 4*v**2 - 80. Calculate r(-5).
-13
Let o(d) = -3*d - 1. Suppose -2*a - 3 = a. Give o(a).
2
Let t(u) be the third derivative of -u**4/4 - u**3/6 - 8*u**2. Give t(-2).
11
Suppose v + v = 2*n - 8, 5*v + 17 = 4*n. Let j(x) be the third derivative of -x**2 - 2/3*x**n + 1/12*x**4 + 0*x + 1/60*x**5 + 0. Give j(-4).
4
Let s(k) = k - 5*k - 5 + 0*k + 0*k. Determine s(-4).
11
Let d(u) be the second derivative of -u**3/6 + 3*u. Calculate d(3).
-3
Let f(x) = -5*x - 65. Let b(o) = o + 13. Let l(z) = 11*b(z) + 2*f(z). What is l(-6)?
7
Let t(s) = s + 5. Suppose 0 = -3*w - w + 8. Let f be w/(-6)*0/14. Calculate t(f).
5
Let l(i) be the second derivative of i**4/12 + 3*i**2/2 - 3*i. Calculate l(3).
12
Let f(c) = -3*c. Let m(y) = -y. Let n(x) = 2*f(x) - 4*m(x). What is n(-4)?
8
Let a(y) = -4*y**3 - 5*y**2 + 3*y + 9. Let k(w) = 5*w**3 + 6*w**2 - 4*w - 10. Let n(g) = -6*a(g) - 5*k(g). Calculate n(-3).
17
Let q be (6/4)/(9/12). Suppose 0 = -2*z + 8, 0 = y - 2*y + z - q. Let b(o) = 2*o - 8*o - 3 - o**2 + 1 - y. Give b(-4).
4
Let y(w) be the third derivative of w**4/24 - 7*w**3/6 - 4*w**2. Calculate y(-5).
-12
Let h(t) = -3 + 3*t + 11 - 3 - 6. Suppose -2*c + 0*z - 21 = -3*z, -4*c + 2*z = 22. What is h(c)?
-10
Let q(f) be the first derivative of -f**2 + f - 6. Calculate q(-6).
13
Let i(j) = -3*j**2 - 11*j + 14. Let u(k) = k**2 + 4*k - 5. Let w(q) = -4*i(q) - 11*u(q). Let x be -3 - 3/(-3)*0. Let t = 4 + x. Give w(t).
0
Let f(b) = -b + 2. Let d(i) = 2*i**2 - 3*i - 2. Let k be d(2). Give f(k).
2
Suppose -6*d + 46 = -14. Let a = -16 + d. Let j(u) = u**3 + 6*u**2 + 2*u + 7. Give j(a).
-5
Let c(i) = -3*i**2 + 5*i - 8. Let a(z) = 7*z**2 - 10*z + 17. Let y(d) = -4*a(d) - 9*c(d). Give y(-6).
-2
Let n(y) = -13*y**2 - 16*y + 23. Let p(t) = 3*t**2 + 4*t - 6. Let j(o) = -2*n(o) - 9*p(o). Calculate j(-6).
-4
Let s(d) = d + 6. Let u be s(-3). Let m(p) = p**3 - p + 1. Let q(w) = -3*w**3 - 3*w**2 + 8*w - 7. Let t(r) = 4*m(r) + q(r). What is t(u)?
9
Let z(k) be the second derivative of -k**3/2 + k**2/2 - 16*k. Calculate z(-1).
4
Let p(l) be the second derivative of -l**6/60 + l**5/60 - l**4/12 + l**3/6 - 5*l**2 + 4*l. Let r(t) be the first derivative of p(t). What is r(1)?
-2
Let d(i) = i - 1. Suppose q = -2*m - 5, 5*m - 2*q - 3*q - 10 = 0. Let f(j) = -2*j**2 + 9*j - 6. Let c(v) = m*f(v) + 4*d(v). Determine c(3).
5
Suppose 0 = -3*r + 6. Suppose 4*m - 14 = r*m. Let d(h) = 5*h - 2*h - 2*h + m. What is d(0)?
7
Let f = 14 - 16. Let x(q) = 46 - 24 + q - 21. What is x(f)?
-1
Let h(o) be the first derivative of -1/4*o**4 - 3*o**2 + 7/3*o**3 - 3 + 6*o. What is h(6)?
6
Let g(v) = -726*v**3 + 727*v**3 - 8*v + 4 - 2*v**2 - 4*v**2. Give g(7).
-3
Suppose -38 = -2*g - m, -2*g = -0*m - m - 46. Let b be (-4)/(-14) - 6/g. Let w(t) = -t + 4. Give w(b).
4
Suppose -h - 4*h - 3*t - 5 = 0, 5 = t. Let i(w) = w - 3. Calculate i(h).
-7
Let x(t) = -t + 6. Let o be x(3). Suppose 0 = -o*b + 4*u + 2, 0 + 8 = -b - 3*u. Let l(w) = -4*w + 2. What is l(b)?
10
Let g = -21 + 24. Let v(h) = h + 4. What is v(g)?
7
Let a = -2 + 4. Let y(v) = v**2 + v**3 - 5*v**2 + 0*v**2 + a. Let b be y(4). Let m(k) = -2*k**2 + 3*k. What is m(b)?
-2
Let q(w) be the second derivative of -w**4/12 + 5*w**3/6 - w**2/2 + 4*w. Give q(6).
-7
Let u(x) = -x - 3. Suppose -4*m + 2*m = 0. Suppose 3*z = -5*f - 6 - 12, 4*f - z + 28 = m. Give u(f).
3
Let y(k) be the second derivative of 0 - 3/2*k**2 - 3*k + 1/6*k**3. Determine y(2).
-1
Suppose -56 = -8*j + j. Let x(q) = -q**3 + 7*q**2 + 9*q - 3. Calculate x(j).
5
Suppose -110 + 23 = -3*q. Let m be 4/24 + q/6. Let z(a) = 3*a - 4. Let w(c) = c + 1. Let f(u) = 2*w(u) - z(u). What is f(m)?
